
-3
Convert -16 (base 8) to base 2.
-1110
0 (base 15) to base 2
0
38 (base 16) to base 6
132
What is 7 (base 14) in base 16?
7
Convert 58 (base 14) to base 4.
1032
532 (base 6) to base 5
1300
Convert -138 (base 14) to base 2.
-11110110
Convert 2 (base 13) to base 9.
2
What is -15 (base 7) in base 16?
-c
Convert 14 (base 16) to base 10.
20
What is 11 (base 5) in base 13?
6
131 (base 7) to base 13
56
What is -90 (base 12) in base 7?
-213
Convert 215 (base 9) to base 13.
107
Convert 1100 (base 2) to base 15.
c
-101 (base 4) to base 7
-23
Convert -133 (base 4) to base 6.
-51
What is 1100 (base 6) in base 10?
252
Convert 27 (base 14) to base 13.
29
-4 (base 10) to base 8
-4
Convert 324 (base 6) to base 2.
1111100
0 (base 11) to base 16
0
-225 (base 7) to base 10
-117
Convert -15 (base 14) to base 9.
-21
What is -20 (base 3) in base 14?
-6
What is 22 (base 8) in base 5?
33
Convert -5 (base 10) to base 6.
-5
-1 (base 9) to base 13
-1
Convert -5 (base 15) to base 5.
-10
-4a (base 16) to base 8
-112
What is 0 (base 16) in base 13?
0
-43 (base 12) to base 14
-39
-5 (base 11) to base 15
-5
1 (base 4) to base 5
1
Convert -11112 (base 3) to base 8.
-172
3 (base 16) to base 2
11
22 (base 4) to base 10
10
What is 1203 (base 4) in base 13?
78
What is 100001 (base 2) in base 8?
41
Convert -8 (base 9) to base 16.
-8
Convert 23 (base 6) to base 12.
13
Convert -11 (base 11) to base 16.
-c
What is 51 (base 11) in base 8?
70
What is -3 (base 11) in base 2?
-11
-54 (base 7) to base 9
-43
What is 10 (base 9) in base 6?
13
What is f (base 16) in base 8?
17
Convert 26 (base 7) to base 14.
16
2 (base 6) to base 7
2
2 (base 10) to base 5
2
What is -1001 (base 5) in base 10?
-126
Convert 0 (base 11) to base 4.
0
What is 27 (base 15) in base 11?
34
12 (base 3) to base 12
5
5 (base 14) to base 6
5
103 (base 4) to base 13
16
87 (base 14) to base 9
142
Convert 8b (base 15) to base 8.
203
Convert -1 (base 5) to base 10.
-1
26 (base 8) to base 13
19
0 (base 16) to base 3
0
Convert 5 (base 14) to base 3.
12
What is -3 (base 5) in base 7?
-3
Convert 14 (base 6) to base 12.
a
What is -6 (base 13) in base 4?
-12
Convert -36 (base 8) to base 4.
-132
Convert -36 (base 11) to base 16.
-27
-12 (base 9) to base 8
-13
Convert 14 (base 15) to base 14.
15
Convert -1033 (base 5) to base 2.
-10001111
30 (base 13) to base 12
33
Convert -79 (base 13) to base 4.
-1210
Convert 1 (base 3) to base 14.
1
What is 101 (base 2) in base 7?
5
What is -4 (base 6) in base 2?
-100
Convert -8 (base 10) to base 8.
-10
Convert 204 (base 12) to base 15.
147
What is 1010 (base 2) in base 4?
22
What is b (base 13) in base 7?
14
What is -d (base 16) in base 3?
-111
What is 2 (base 6) in base 9?
2
111 (base 5) to base 14
23
What is 11110 (base 2) in base 14?
22
What is 3a (base 16) in base 13?
46
-131 (base 6) to base 14
-3d
-9 (base 16) to base 6
-13
What is 46 (base 8) in base 9?
42
What is 10 (base 13) in base 10?
13
What is 4d (base 14) in base 4?
1011
-110 (base 3) to base 14
-c
Convert 5 (base 7) to base 8.
5
Convert -219 (base 10) to base 13.
-13b
Convert 141 (base 5) to base 3.
1201
1 (base 16) to base 3
1
112 (base 11) to base 16
86
0 (base 16) to base 3
0
54 (base 14) to base 8
112
-124 (base 5) to base 12
-33
What is 3 (base 4) in base 8?
3
What is 26 (base 7) in base 4?
110
292 (base 12) to base 2
110001110
-b (base 12) to base 15
-b
-86 (base 12) to base 14
-74
Convert -2 (base 8) to base 2.
-10
What is 3 (base 6) in base 11?
3
Convert 199 (base 12) to base 6.
1113
What is 2 (base 6) in base 11?
2
What is -23 (base 8) in base 12?
-17
Convert 2 (base 5) to base 15.
2
Convert 2 (base 3) to base 6.
2
What is -110 (base 3) in base 7?
-15
Convert 2 (base 12) to base 6.
2
Convert 11 (base 11) to base 12.
10
What is 1012 (base 3) in base 10?
32
Convert 1 (base 12) to base 2.
1
What is 10 (base 4) in base 12?
4
Convert a4 (base 14) to base 7.
264
What is 5 (base 9) in base 13?
5
What is -14 (base 14) in base 4?
-102
0 (base 16) to base 11
0
33 (base 14) to base 8
55
Convert 0 (base 9) to base 11.
0
What is -e (base 15) in base 11?
-13
1 (base 11) to base 6
1
Convert -9 (base 16) to base 13.
-9
2 (base 11) to base 5
2
-11000 (base 2) to base 15
-19
Convert -11 (base 3) to base 12.
-4
Convert 11 (base 13) to base 6.
22
-2 (base 10) to base 2
-10
Convert -15 (base 12) to base 10.
-17
Convert -147 (base 11) to base 10.
-172
1330 (base 4) to base 6
324
-c5 (base 15) to base 6
-505
What is 11 (base 10) in base 13?
b
What is -2 (base 16) in base 12?
-2
What is -86 (base 13) in base 9?
-132
What is -114 (base 10) in base 3?
-11020
1 (base 15) to base 16
1
What is -141 (base 5) in base 12?
-3a
Convert -1 (base 3) to base 4.
-1
-4c (base 14) to base 11
-62
What is 8 (base 10) in base 13?
8
What is -48 (base 15) in base 6?
-152
What is 72 (base 15) in base 3?
10222
Convert -2 (base 9) to base 11.
-2
-2 (base 9) to base 14
-2
Convert -2 (base 8) to base 14.
-2
What is -440 (base 6) in base 7?
-330
Convert 154 (base 9) to base 7.
244
Convert 8 (base 13) to base 4.
20
What is 3 (base 14) in base 2?
11
Convert 101 (base 2) to base 4.
11
1 (base 12) to base 16
1
Convert -2 (base 10) to base 12.
-2
Convert -c (base 15) to base 10.
-12
Convert 47 (base 11) to base 8.
63
What is 5 (base 9) in base 4?
11
Convert -241 (base 5) to base 6.
-155
Convert -100 (base 2) to base 6.
-4
3 (base 8) to base 6
3
Convert 0 (base 2) to base 16.
0
Convert 51 (base 6) to base 3.
1011
33 (base 15) to base 2
110000
Convert 37 (base 8) to base 14.
23
What is -2 (base 11) in base 6?
-2
1211 (base 3) to base 5
144
2 (base 3) to base 8
2
-1400 (base 5) to base 4
-3201
Convert -54 (base 8) to base 5.
-134
What is -103 (base 15) in base 8?
-344
4 (base 5) to base 3
11
-23 (base 5) to base 13
-10
Convert 2 (base 9) to base 8.
2
What is 94 (base 16) in base 9?
174
What is -f (base 16) in base 15?
-10
Convert -24 (base 5) to base 16.
-e
15 (base 15) to base 11
19
Convert 240 (base 13) to base 9.
473
11001 (base 2) to base 3
221
Convert 4 (base 10) to base 14.
4
Convert -114 (base 5) to base 7.
-46
What is 62 (base 9) in base 6?
132
0 (base 6) to base 2
0
What is -b4 (base 13) in base 12?
-103
Convert 3 (base 6) to base 16.
3
What is 2211 (base 3) in base 11?
6a
Convert -56 (base 10) to base 5.
-211
What is -1b (base 12) in base 16?
-17
What is -10 (base 5) in base 12?
-5
10 (base 4) to base 2
100
0 (base 16) to base 8
0
-10 (base 3) to base 10
-3
What is 42 (base 15) in base 3?
2022
6 (base 13) to base 12
6
What is -164 (base 11) in base 4?
-2333
What is -83 (base 10) in base 4?
-1103
10 (base 3) to base 4
3
Convert 41 (base 6) to base 5.
100
3 (base 13) to base 11
3
-2 (base 12) to base 2
-10
-1103 (base 4) to base 7
-146
12 (base 15) to base 9
18
-302 (base 4) to base 11
-46
What is -9 (base 13) in base 10?
-9
What is -22 (base 5) in base 13?
-c
Convert -4 (base 11) to base 7.
-4
What is 5 (base 11) in base 14?
5
-321 (base 4) to base 3
-2010
13 (base 7) to base 5
20
Convert 1312 (base 4) to base 15.
7d
What is -10 (base 6) in base 5?
-11
-100 (base 2) to base 10
-4
Convert 37 (base 9) to base 8.
42
7 (base 16) to base 4
13
What is 1 (base 10) in base 11?
1
12001 (base 4) to base 9
467
Convert 2111 (base 4) to base 9.
175
What is 5 (base 6) in base 14?
5
Convert -33 (base 15) to base 9.
-53
What is -3 (base 14) in base 7?
-3
What is -5 (base 15) in base 3?
-12
Convert 5 (base 12) to base 11.
5
What is -3 (base 8) in base 10?
-3
1010 (base 2) to base 13
a
What is 58 (base 9) in base 10?
53
36 (base 12) to base 16
2a
What is -17 (base 13) in base 10?
-20
Convert 14 (base 9) to base 6.
21
Convert 0 (base 8) to base 15.
0
What is -26 (base 12) in base 2?
-11110
What is -10010 (base 2) in base 9?
-20
Convert 10 (base 5) to base 13.
5
Convert -4 (base 9) to base 7.
-4
-17 (base 9) to base 6
-24
11010 (base 2) to base 10
26
-423 (base 5) to base 10
-113
201 (base 6) to base 7
133
What is 13 (base 8) in base 11?
10
What is 7 (base 8) in base 2?
111
What is 0 (base 14) in base 4?
0
What is 7 (base 10) in base 15?
7
Convert -10 (base 6) to base 7.
-6
-351 (base 8) to base 12
-175
Convert -9 (base 14) to base 2.
-1001
4 (base 11) to base 6
4
Convert 5 (base 11) to base 7.
5
Convert -11 (base 14) to base 10.
-15
1211 (base 3) to base 12
41
Convert 16 (base 13) 